= 3. Suppose -2*o = -240 - 12. What is the greatest common divisor of o and d?
14
Suppose -5*c + 176 = -4*n, c = -4*c + n + 179. What is the highest common factor of c and 81?
9
Suppose -2*f + 92 = -2*j, -4*f = -3*f - 4*j - 61. Let h = f + -25. Let t be (48/9)/((-4)/(-18)). What is the highest common factor of t and h?
8
Let c be 15/35 + (-25459)/(-49). What is the highest common factor of 195 and c?
65
Let u be 44/4 + (-1)/1. Let f(s) = -2*s - 56. Let r be f(-29). What is the greatest common factor of u and r?
2
Suppose 0 = 3*i - 7*i - 520. Let g = i - -221. Calculate the greatest common divisor of 7 and g.
7
Let m = 107 - 156. Let t = -10 + 81. Let c = t + m. What is the highest common divisor of c and 55?
11
Suppose -1021 + 21 = -4*f. Calculate the highest common divisor of 10 and f.
10
Suppose -15 = -4*o + 21. Let v = 4 + o. Suppose -2*l - 416 = -10*l. Calculate the highest common factor of v and l.
13
Let f(v) = -v**3 - 3*v**2 - 10*v + 4. Let o be f(-4). Suppose -10*z + 6*z = -o. Let i = 1 + 4. Calculate the highest common factor of z and i.
5
Let g be 15 + 1/(2 + -1). Let t = 2545 + -2417. What is the greatest common factor of g and t?
16
Let z = -10 - -30. Suppose z*c - 364 = 16*c. What is the greatest common divisor of c and 13?
13
Let x(k) = -k**2 - 5*k - 1. Let f be x(-4). Suppose 2*m - 48 = -f*z + z, -4*m - 3*z + 100 = 0. Calculate the highest common divisor of m and 70.
14
Suppose -9*p - 2322 = -18*p. Calculate the greatest common factor of p and 12.
6
Let d = -547 + 971. Calculate the highest common divisor of d and 159.
53
Suppose -45*q + 112 = -37*q. What is the highest common factor of 77 and q?
7
Suppose 6*k = 9*k - 6. Suppose -n + 158 = 2*g, 4*n + n = -k*g + 166. Calculate the greatest common factor of g and 26.
26
Let a(k) be the second derivative of -2/3*k**3 - 5/2*k**2 - 1/3*k**4 + 0 - 1/20*k**5 - 6*k. Let t be a(-4). Calculate the greatest common divisor of 44 and t.
11
Suppose 9*g - 47 + 11 = 0. Calculate the highest common factor of g and 1.
1
Suppose 21 - 3 = 2*a. Let i = -75 - -102. What is the highest common factor of a and i?
9
Let s be (18/(-81) - ((-22)/(-9))/(-2)) + 65. Let l(y) = y - 2 + 9*y + 2*y. Let f be l(2). Calculate the greatest common factor of f and s.
22
Let i(d) = -17 - 10*d**2 - 3*d - 151*d**3 + 149*d**3 - 2*d**2. Let r be i(-8). Let c = -168 + r. What is the highest common factor of c and 19?
19
Let z = 473 - 449. Let t(n) = n**3 + 5*n**2 + 2*n - 4. Let a be t(-5). Let i = a + z. What is the greatest common factor of i and 15?
5
Let z(d) = 6*d + 81. Let f be z(-6). What is the greatest common factor of 35 and f?
5
Suppose 4*o + 37 = 2*z - 393, -4*z = 5*o - 925. What is the highest common factor of z and 9?
9
Let k = 16 - 14. Suppose h - 2 = 0, -3*f = 3*h - 5*h - k. Suppose 5*y + 2*u = 23, f*y + 5*u - 1 = 4. What is the highest common divisor of 25 and y?
5
Let q be (-3)/(5/40*-6). Suppose 0 = -l - q*a + 240, 0*a + a = -5*l + 1105. What is the highest common factor of 20 and l?
20
Let s be 4 + 0 + (5 - 6 - -25). Calculate the highest common factor of 189 and s.
7
Suppose 5*q - 7*q - 4*g + 218 = 0, 4*q - 386 = 2*g. Calculate the greatest common divisor of q and 45.
9
Let o be ((-2)/3)/(2/(-126)). Let n = o + -27. Suppose -4*m - 2*u + 330 = 0, -10 = -5*u + n. Calculate the greatest common factor of m and 10.
10
Suppose x + 21 = 9. Let i = 13 + x. Suppose 24 = 5*r - 1. Calculate the highest common divisor of i and r.
1
Let b be ((-1)/1)/((-2)/16). Let p(z) = -16*z + 120. Let g be ((-84)/24)/((-1)/2). Let i be p(g). Calculate the highest common divisor of b and i.
8
Let q = 2232 + -2112. What is the greatest common factor of 260 and q?
20
Let w(c) = 17*c + 1. Let n be w(-13). Let f = -140 - n. What is the highest common divisor of f and 8?
8
Let x be (-16*((-6)/(-4) - 3))/1. Let a be (-318)/(-42) + 6/14. Calculate the highest common factor of x and a.
8
Let u be (-5)/(35/(-14)) + 3. What is the greatest common factor of u and 65?
5
Suppose -16 = 5*j - 41. Let z be (-40)/180 + 58/18. Let q be -1 + -3 + 2 + z. Calculate the highest common factor of q and j.
1
Suppose 5*h - 2*d - 110 = 0, 4*h - 3*d - 9 = 3*h. What is the greatest common divisor of 56 and h?
8
Suppose 0 = -6*f + 3*f - 42. Let s(h) = -5*h - 31. Let m be s(f). What is the greatest common divisor of 39 and m?
39
Let g be 40*6/(3/1). Let b be 2/7 - (-27)/21*6. What is the highest common divisor of g and b?
8
Let n be ((-3 + 0)/(-3))/(13/2665). Let v(k) = 7*k**2 + k - 1. Let g be v(3). Suppose g = 5*d - n. What is the highest common divisor of 18 and d?
18
Let o be 2/(-8) - 9/(-4). Let y be 6*(o/3)/1. Suppose 0 = y*b + h - 99, 53 = 3*b + 3*h + 2*h. Calculate the highest common factor of 234 and b.
26
Suppose -2*f = 3*m - 9, -4*m + 17 = 5*f - 2*m. Let h = 12 + -10. Suppose 2*z + h*w = 16, 4*z - 3*z + 7 = 2*w. Calculate the highest common divisor of z and f.
3
Let a = 274 - -194. Calculate the greatest common divisor of 36 and a.
36
Let x = 65 - 1. Suppose 5*k + c + 23 = 0, -k - 3*c = 8 + 5. Let n be (-2)/k*-12*4/(-3). What is the highest common divisor of x and n?
8
Let c = -579 - -597. Suppose -45 = -3*k + 2*k. Calculate the highest common divisor of c and k.
9
Let m = -101 + 152. Calculate the highest common divisor of m and 408.
51
Suppose -2 = 3*q - 4*p - 26, 2*q = 2*p + 18. Let w be (-28 + q)*(-1 - 0). Calculate the highest common factor of w and 144.
16
Let y = -20 + 29. Let q(i) = -i + 32. Let h be q(23). What is the greatest common factor of h and y?
9
Let h = 1180 - 1126. What is the greatest common divisor of h and 9?
9
Let h(y) be the first derivative of -y**4/4 - 4*y**3/3 + 3*y**2 + 6*y + 7. Let a be h(-5). Let z = a - -14. Calculate the highest common factor of z and 3.
3
Suppose 2*b + 2 = 0, -7*b - 289 = -2*d - 4*b. Calculate the highest common divisor of 11 and d.
11
Let z = -33 - -38. Calculate the greatest common divisor of z and 20.
5
Suppose 1 = q - 4. Let v = 10 + q. Calculate the greatest common factor of 165 and v.
15
Suppose 0 = -58*c + 56*c + 360. Calculate the greatest common factor of 90 and c.
90
Let k = 52 + 10. Let f = k - 31. Calculate the highest common divisor of f and 62.
31
Suppose 2*m - 492 - 52 = 0. Calculate the greatest common factor of m and 16.
16
Suppose -4*q + 3*j - 49 = -8*q, -3*q - j = -33. Calculate the greatest common factor of 640 and q.
10
Let t = -77 - -90. Let s(q) = 6*q - 55. Let h be s(t). What is the highest common factor of 23 and h?
23
Suppose 38*x - 32*x - 30 = 0. Calculate the greatest common factor of 120 and x.
5
Let o(h) = -237*h + 54. Let l be o(-6). Calculate the highest common factor of l and 36.
36
Suppose 0 = 3*j + j - 60. Let q be (1 - 1)*5/(-20). Suppose q - j = -b. Calculate the highest common factor of b and 135.
15
Suppose 65*g = 61*g + 228. Calculate the highest common divisor of g and 399.
57
Let j = 20 - 26. Let g = 4 - j. Let y be 3*(-118)/(-6) - -1. What is the greatest common factor of g and y?
10
Let y = -204 - -224. What is the greatest common factor of 860 and y?
20
Let c(a) = -3 + 3 + a + 41*a**2 - 2. Let n be c(-2). Suppose 0 = 4*d - 0*d - n. What is the greatest common divisor of d and 5?
5
Suppose 8*i - 4*d = 3*i + 176, 0 = 2*i - 4*d - 68. Let m = 45 - 27. What is the highest common divisor of m and i?
18
Let a = -1648 - -1724. What is the highest common factor of 4 and a?
4
Let c(g) be the second derivative of -g**5/20 + 19*g**4/12 + 23*g**3/6 - 5*g**2 - 42*g. Let x be c(20). Calculate the greatest common factor of 5 and x.
5
Let r(q) be the second derivative of -71*q**3/6 + q**2/2 - q. Suppose -12*b - 3 = 9. Let t be r(b). Calculate the greatest common divisor of 8 and t.
8
Let q = 7 - -6. Let x = 104 + -94. Suppose 0*p = x*p - 130. Calculate the greatest common factor of q and p.
13
Let y be (68/(-24) - 1/6) + 0. Let k(i) = 2*i**2 - i - 5. Let n be k(y). Calculate the greatest common divisor of 112 and n.
16
Suppose -31 = -0*m - m - 2*d, 0 = 4*d - 4. Let t be (3 - -3)/2 - -142. Calculate the greatest common factor of m and t.
29
Let x(d) = -44*d - 286. Let n be x(-12). What is the greatest common divisor of 2 and n?
2
Let l(u) = -8*u - 25. Let y be l(-4). Calculate the greatest common factor of y and 77.
7
Let b be 12 + -1 + 2 + -2. Let p be (-12)/(-1) + (-1